{"id":2,"date":"2015-03-13T15:29:36","date_gmt":"2015-03-13T15:29:36","guid":{"rendered":"http:\/\/localhost\/wordpress\/?page_id=2"},"modified":"2024-01-06T14:29:53","modified_gmt":"2024-01-06T14:29:53","slug":"sample-page","status":"publish","type":"page","link":"https:\/\/baugeschaeft-juergens.de\/?page_id=2","title":{"rendered":"\u00dcber uns"},"content":{"rendered":"<p><a href=\"https:\/\/baugeschaeft-juergens.de\/wp-content\/uploads\/2015\/03\/DSC03811.jpg\"><img loading=\"lazy\" decoding=\"async\" class=\"alignnone wp-image-65\" src=\"http:\/\/baugeschaeft-juergens.de\/wp-content\/uploads\/2015\/03\/DSC03811-300x225.jpg\" alt=\"DSC03811\" width=\"319\" height=\"239\" srcset=\"https:\/\/baugeschaeft-juergens.de\/wp-content\/uploads\/2015\/03\/DSC03811-300x225.jpg 300w, https:\/\/baugeschaeft-juergens.de\/wp-content\/uploads\/2015\/03\/DSC03811-1024x768.jpg 1024w\" sizes=\"auto, (max-width: 319px) 100vw, 319px\" \/><\/a><br \/>\nMit \u00fcber 35 Jahren Berufserfahrung aus dem gesamten Baubereich deutschlandweit, konnte sich die Firma Baugesch\u00e4ft Focko J\u00fcrgens erfolgreich etablieren. In Verbindung mit einem Netzwerk aus kompetenten Handwerkern und Architekten, bietet Focko J\u00fcrgens sehr gute Leistungen auf einem hohen Niveau. Eine umfangreiche Baubetreuung, fachliche Kompetenz und Zuverl\u00e4ssigkeit, konnten schon viele zufriedene Kundinnen und Kunden \u00fcberzeugen. Damit Anfragen und Auftr\u00e4ge auch kurzfristig ausgef\u00fchrt werden k\u00f6nnen, sorgt Frau Anke J\u00fcrgens f\u00fcr einen reibungslosen B\u00fcroablauf und eine z\u00fcgige Organisation aller anfallenden T\u00e4tigkeiten.<\/p>\n<p>Lassen auch Sie sich vom handwerklichen K\u00f6nnen der Firma Baugesch\u00e4ft Focko J\u00fcrgens \u00fcberzeugen.<\/p>\n<p>&nbsp;<\/p>\n<p>Weitere Details im <a href=\"https:\/\/baugesch\u00e4ft-j\u00fcrgens.de\/?page_id=9\">Impressum<\/a><\/p>\n","protected":false},"excerpt":{"rendered":"<p>Mit \u00fcber 35 Jahren Berufserfahrung aus dem gesamten Baubereich deutschlandweit, konnte sich die Firma Baugesch\u00e4ft Focko J\u00fcrgens erfolgreich etablieren. In Verbindung mit einem Netzwerk aus kompetenten Handwerkern und Architekten, bietet Focko J\u00fcrgens sehr gute Leistungen auf einem hohen Niveau. Eine <a class=\"more-link\" href=\"https:\/\/baugeschaeft-juergens.de\/?page_id=2\">Read More &#8230;<\/a><\/p>\n","protected":false},"author":1,"featured_media":0,"parent":0,"menu_order":1,"comment_status":"closed","ping_status":"closed","template":"","meta":{"footnotes":""},"class_list":["post-2","page","type-page","status-publish","hentry"],"_links":{"self":[{"href":"https:\/\/baugeschaeft-juergens.de\/index.php?rest_route=\/wp\/v2\/pages\/2","targetHints":{"allow":["GET"]}}],"collection":[{"href":"https:\/\/baugeschaeft-juergens.de\/index.php?rest_route=\/wp\/v2\/pages"}],"about":[{"href":"https:\/\/baugeschaeft-juergens.de\/index.php?rest_route=\/wp\/v2\/types\/page"}],"author":[{"embeddable":true,"href":"https:\/\/baugeschaeft-juergens.de\/index.php?rest_route=\/wp\/v2\/users\/1"}],"replies":[{"embeddable":true,"href":"https:\/\/baugeschaeft-juergens.de\/index.php?rest_route=%2Fwp%2Fv2%2Fcomments&post=2"}],"version-history":[{"count":14,"href":"https:\/\/baugeschaeft-juergens.de\/index.php?rest_route=\/wp\/v2\/pages\/2\/revisions"}],"predecessor-version":[{"id":569,"href":"https:\/\/baugeschaeft-juergens.de\/index.php?rest_route=\/wp\/v2\/pages\/2\/revisions\/569"}],"wp:attachment":[{"href":"https:\/\/baugeschaeft-juergens.de\/index.php?rest_route=%2Fwp%2Fv2%2Fmedia&parent=2"}],"curies":[{"name":"wp","href":"https:\/\/api.w.org\/{rel}","templated":true}]}}