{"id":23,"date":"2015-03-13T17:44:59","date_gmt":"2015-03-13T17:44:59","guid":{"rendered":"http:\/\/baugeschaeft-juergens.de\/?page_id=23"},"modified":"2026-01-05T10:56:34","modified_gmt":"2026-01-05T10:56:34","slug":"home","status":"publish","type":"page","link":"https:\/\/baugeschaeft-juergens.de\/","title":{"rendered":"Herzlich Willkommen auf der Internetpr\u00e4senz von Maurer- und Betonbauer Focko J\u00fcrgens"},"content":{"rendered":"\n<p><\/p>\n\n\n\n<p class=\"has-yellow-color has-text-color has-link-color has-normal-font-size wp-elements-13a109229bd184f55791e64a5bc5ca48\" style=\"font-style:italic;font-weight:700\"><span style=\"color: #ff0000;\"><strong> \u00a0 \u00a0  \u00a0 \u00a0 \u00a0 \u00a0 \u00a0 \u00a0\u00a0<\/strong><\/span><\/p>\n\n\n\n<h4 class=\"wp-block-heading\">&nbsp;<span style=\"color: #ff0000;\"><strong>&nbsp; &nbsp; &nbsp; &nbsp; &nbsp; &nbsp; &nbsp; &nbsp; &nbsp; &nbsp;<\/strong><\/span><\/h4>\n\n\n<div class=\"wp-block-image\">\n<figure class=\"aligncenter\"><a href=\"https:\/\/baugeschaeft-juergens.de\/wp-content\/uploads\/2019\/08\/DSC03810.jpg\"><img loading=\"lazy\" decoding=\"async\" width=\"1024\" height=\"768\" src=\"https:\/\/baugeschaeft-juergens.de\/wp-content\/uploads\/2019\/08\/DSC03810-1024x768.jpg\" alt=\"\" class=\"wp-image-519\" srcset=\"https:\/\/baugeschaeft-juergens.de\/wp-content\/uploads\/2019\/08\/DSC03810-1024x768.jpg 1024w, https:\/\/baugeschaeft-juergens.de\/wp-content\/uploads\/2019\/08\/DSC03810-300x225.jpg 300w, https:\/\/baugeschaeft-juergens.de\/wp-content\/uploads\/2019\/08\/DSC03810-768x576.jpg 768w\" sizes=\"auto, (max-width: 1024px) 100vw, 1024px\" \/><\/a><\/figure>\n<\/div>\n\n\n<h4 class=\"wp-block-heading\"><span style=\"color: #ff0000;\">&nbsp;&nbsp;&nbsp;&nbsp;&nbsp;&nbsp;&nbsp;&nbsp;&nbsp;&nbsp;&nbsp;&nbsp;&nbsp;&nbsp;&nbsp;&nbsp;&nbsp;&nbsp;&nbsp;&nbsp;&nbsp;&nbsp; <\/span><\/h4>\n\n\n\n<p><strong> Wir schreiben das HANDWERK gro\u00df!<\/strong><\/p>\n\n\n\n<p>Sie planen einen Neubau, einen Umbau, eine Sanierung oder wollen Reparaturarbeiten durchf\u00fchren lassen?<br>Wir \u00fcbernehmen das gerne \u2013 auch deutschlandweit. Profitieren Sie von unserer jahrelangen Erfahrung, unseren Ideen und unserer Zuverl\u00e4ssigkeit.<\/p>\n\n\n\n<p><span class=\"st\">Lernen Sie auf folgenden Seiten das<\/span> Baugesch\u00e4ft Focko J\u00fcrgens<span class=\"st\"> kennen und Sie werden einen zuverl\u00e4ssigen und kompetenten Partner f\u00fcr Ihr Bauvorhaben finden.<\/span><\/p>\n\n\n\n<p>Sie m\u00f6chten mehr \u00fcber uns erfahren?<br>Wir freuen uns auf Ihre Kontaktaufnahme.<br>Nachfolgend eine Auswahl unserer Leistungen:<\/p>\n\n\n\n<ul class=\"wp-block-list\">\n<li><strong>Neubauten von Einfamilien- und Doppelh\u00e4usern<\/strong><\/li>\n\n\n\n<li><strong>An- und Umbauten<\/strong><\/li>\n\n\n\n<li><strong>Barrierefreies Wohnen<\/strong><\/li>\n\n\n\n<li><strong>Sanierung und Instandhaltung<\/strong><\/li>\n\n\n\n<li><strong>Innenausbau<\/strong><\/li>\n\n\n\n<li><strong>Badsanierung \u2013 Umbau<\/strong><\/li>\n\n\n\n<li><strong>Reparaturservice<\/strong><\/li>\n<\/ul>\n\n\n\n<h4 class=\"wp-block-heading\"><strong>Baugesch\u00e4ft Focko J\u00fcrgens<\/strong><\/h4>\n\n\n\n<h4 class=\"wp-block-heading\"><strong>Moorst\u00fcckenweg 4<\/strong><strong> &#8211; 26605 Aurich<\/strong><\/h4>\n\n\n\n<h4 class=\"wp-block-heading\"><strong>0 49 41 &#8211; 88 316<\/strong><\/h4>\n\n\n\n<h4 class=\"wp-block-heading\"><strong>0 160 99 37 22 06<\/strong><\/h4>\n\n\n\n<p class=\"has-text-align-center\"><span style=\"color: #0000ff;\"><a style=\"color: #0000ff;\" href=\"mailto:juergens23@gmx.net\"><strong>juergens23@gmx.net<\/strong><\/a><\/span><\/p>\n\n\n\n<p>&nbsp;&nbsp;&nbsp;&nbsp;&nbsp;&nbsp;&nbsp;&nbsp;&nbsp;&nbsp;&nbsp;&nbsp;&nbsp;&nbsp;&nbsp;&nbsp;&nbsp;&nbsp;&nbsp;&nbsp;&nbsp;&nbsp;&nbsp;&nbsp;&nbsp;&nbsp;&nbsp;&nbsp;&nbsp;&nbsp;&nbsp;&nbsp;&nbsp;&nbsp;&nbsp;&nbsp;&nbsp;&nbsp;&nbsp;&nbsp;&nbsp;&nbsp;&nbsp;&nbsp;&nbsp;&nbsp;&nbsp;&nbsp;&nbsp;&nbsp;&nbsp;&nbsp;&nbsp;&nbsp;&nbsp;&nbsp;&nbsp;&nbsp;&nbsp;&nbsp;&nbsp;&nbsp;&nbsp;&nbsp;&nbsp;&nbsp;&nbsp;&nbsp;&nbsp;&nbsp;&nbsp;&nbsp;&nbsp;&nbsp;&nbsp;&nbsp;&nbsp;<strong><span style=\"color: #0000ff;\"> info@baugeschaeft-juergens.de<\/span><\/strong><\/p>\n","protected":false},"excerpt":{"rendered":"<p>\u00a0 \u00a0 \u00a0 \u00a0 \u00a0 \u00a0 \u00a0 \u00a0\u00a0 &nbsp;&nbsp; &nbsp; &nbsp; &nbsp; &nbsp; &nbsp; &nbsp; &nbsp; &nbsp; &nbsp; &nbsp;&nbsp;&nbsp;&nbsp;&nbsp;&nbsp;&nbsp;&nbsp;&nbsp;&nbsp;&nbsp;&nbsp;&nbsp;&nbsp;&nbsp;&nbsp;&nbsp;&nbsp;&nbsp;&nbsp;&nbsp;&nbsp; Wir schreiben das HANDWERK gro\u00df! Sie planen einen Neubau, einen Umbau, eine Sanierung oder wollen Reparaturarbeiten durchf\u00fchren lassen?Wir \u00fcbernehmen das gerne <a class=\"more-link\" href=\"https:\/\/baugeschaeft-juergens.de\/\">Read More &#8230;<\/a><\/p>\n","protected":false},"author":1,"featured_media":0,"parent":2,"menu_order":1,"comment_status":"closed","ping_status":"closed","template":"","meta":{"footnotes":""},"class_list":["post-23","page","type-page","status-publish","hentry"],"_links":{"self":[{"href":"https:\/\/baugeschaeft-juergens.de\/index.php?rest_route=\/wp\/v2\/pages\/23","targetHints":{"allow":["GET"]}}],"collection":[{"href":"https:\/\/baugeschaeft-juergens.de\/index.php?rest_route=\/wp\/v2\/pages"}],"about":[{"href":"https:\/\/baugeschaeft-juergens.de\/index.php?rest_route=\/wp\/v2\/types\/page"}],"author":[{"embeddable":true,"href":"https:\/\/baugeschaeft-juergens.de\/index.php?rest_route=\/wp\/v2\/users\/1"}],"replies":[{"embeddable":true,"href":"https:\/\/baugeschaeft-juergens.de\/index.php?rest_route=%2Fwp%2Fv2%2Fcomments&post=23"}],"version-history":[{"count":80,"href":"https:\/\/baugeschaeft-juergens.de\/index.php?rest_route=\/wp\/v2\/pages\/23\/revisions"}],"predecessor-version":[{"id":589,"href":"https:\/\/baugeschaeft-juergens.de\/index.php?rest_route=\/wp\/v2\/pages\/23\/revisions\/589"}],"up":[{"embeddable":true,"href":"https:\/\/baugeschaeft-juergens.de\/index.php?rest_route=\/wp\/v2\/pages\/2"}],"wp:attachment":[{"href":"https:\/\/baugeschaeft-juergens.de\/index.php?rest_route=%2Fwp%2Fv2%2Fmedia&parent=23"}],"curies":[{"name":"wp","href":"https:\/\/api.w.org\/{rel}","templated":true}]}}